{"id":397,"date":"2026-01-30T21:38:37","date_gmt":"2026-01-30T21:38:37","guid":{"rendered":"https:\/\/champagne-unis-pour-lavenir.com\/?page_id=397"},"modified":"2026-02-02T21:26:16","modified_gmt":"2026-02-02T21:26:16","slug":"voiries-securite","status":"publish","type":"page","link":"https:\/\/champagne-unis-pour-lavenir.com\/index.php\/voiries-securite\/","title":{"rendered":"Voiries &amp; s\u00e9curit\u00e9"},"content":{"rendered":"\n<figure class=\"wp-block-image size-large\"><img loading=\"lazy\" decoding=\"async\" width=\"1024\" height=\"538\" src=\"https:\/\/champagne-unis-pour-lavenir.com\/wp-content\/uploads\/2026\/01\/image-45-1024x538.png\" alt=\"\" class=\"wp-image-426\" srcset=\"https:\/\/champagne-unis-pour-lavenir.com\/wp-content\/uploads\/2026\/01\/image-45-1024x538.png 1024w, https:\/\/champagne-unis-pour-lavenir.com\/wp-content\/uploads\/2026\/01\/image-45-300x158.png 300w, https:\/\/champagne-unis-pour-lavenir.com\/wp-content\/uploads\/2026\/01\/image-45-768x403.png 768w, https:\/\/champagne-unis-pour-lavenir.com\/wp-content\/uploads\/2026\/01\/image-45.png 1200w\" sizes=\"auto, (max-width: 1024px) 100vw, 1024px\" \/><\/figure>\n\n\n\n<p class=\"texte-justifie has-text-color has-link-color wp-elements-881ea7d083fec618587a2808e767a5af\" style=\"color:#255b7c\"><strong><mark style=\"background-color:rgba(0, 0, 0, 0);color:#fcb331\" class=\"has-inline-color\">Une r\u00e9novation de notre voirie planifi\u00e9e et \u00e9quitable<\/mark><\/strong><br><br>Parce que la s\u00e9curit\u00e9 et le confort de vos d\u00e9placements sont nos priorit\u00e9s, nous engagerons un programme pluriannuel ambitieux pour r\u00e9habiliter nos routes, dont l&rsquo;entretien a \u00e9t\u00e9 trop longtemps n\u00e9glig\u00e9.<br>Pour agir avec efficacit\u00e9 sans peser d\u00e9mesur\u00e9ment sur les finances de la commune, nous ferons le choix d&rsquo;une m\u00e9thode par phases successives:<br><br><strong><em>Un diagnostic pr\u00e9cis : <\/em><\/strong>Chaque quartier de Champagne-sur-Oise sera trait\u00e9 selon un ordre de priorit\u00e9 d\u00e9fini par un \u00e9tat des lieux technique et rigoureux de chaque rue.<br><br><strong><em>Une action annuelle <\/em><\/strong>: Chaque ann\u00e9e, des chantiers seront lanc\u00e9s pour r\u00e9nover durablement un nouveau secteur de notre r\u00e9seau.<br><br><strong><em>S\u00e9curit\u00e9 renforc\u00e9e : <\/em><\/strong>Ce plan inclut l&rsquo;installation de miroirs de rue dans les zones accidentog\u00e8nes afin de garantir une visibilit\u00e9 optimale aux carrefours dangereux.<br>R\u00e9organisation du trafic, notamment la rue de Chambly.<br><br><em><strong>Mobilit\u00e9s douces : <\/strong><\/em>Nous profiterons de ces r\u00e9novations pour s\u00e9curiser les abords par des cheminements pi\u00e9tons et cyclistes.<br><br><strong><em>Notre objectif est simple :<\/em><\/strong> garantir \u00e0 tous les Champenois un r\u00e9seau routier s\u00fbr, moderne et durablement entretenu.<\/p>\n\n\n\n<p class=\"has-text-color has-link-color wp-elements-d76dcc1041e538d272403534a9c64e98\" style=\"color:#255b7c\"><strong><mark style=\"background-color:rgba(0, 0, 0, 0);color:#fcb331\" class=\"has-inline-color\">La s\u00e9curit\u00e9 est la premi\u00e8re des libert\u00e9s.<\/mark><\/strong><br><br>Une commune apais\u00e9e et accessible.<\/p>\n\n\n\n<ul style=\"color:#255b7c\" class=\"wp-block-list has-text-color has-link-color wp-elements-b014e392f1b844d6164161e3e6d279ab\">\n<li>Une vid\u00e9osurveillance modernis\u00e9e et respectueuse des libert\u00e9s.<br><\/li>\n\n\n\n<li>Un \u00e9clairage public <a href=\"https:\/\/www.calameo.com\/books\/0081457661389c9f6f601\" data-type=\"link\" data-id=\"https:\/\/www.calameo.com\/books\/00752837820f7b2acfdd7\">intelligent*<\/a> avec d\u00e9tecteurs de mouvement.<br><\/li>\n\n\n\n<li>Acc\u00e8s prioritaire du parking de la gare aux Champenois.<br><\/li>\n<\/ul>\n","protected":false},"excerpt":{"rendered":"<p>Une r\u00e9novation de notre voirie planifi\u00e9e et \u00e9quitable Parce que la s\u00e9curit\u00e9 et le confort de vos d\u00e9placements sont nos priorit\u00e9s, nous engagerons un programme pluriannuel ambitieux pour r\u00e9habiliter nos routes, dont l&rsquo;entretien a \u00e9t\u00e9 trop longtemps n\u00e9glig\u00e9.Pour agir avec efficacit\u00e9 sans peser d\u00e9mesur\u00e9ment sur les finances de la commune, nous ferons le choix d&rsquo;une [&hellip;]<\/p>\n","protected":false},"author":1,"featured_media":0,"parent":0,"menu_order":0,"comment_status":"closed","ping_status":"closed","template":"","meta":{"footnotes":""},"class_list":["post-397","page","type-page","status-publish","hentry"],"_links":{"self":[{"href":"https:\/\/champagne-unis-pour-lavenir.com\/index.php\/wp-json\/wp\/v2\/pages\/397","targetHints":{"allow":["GET"]}}],"collection":[{"href":"https:\/\/champagne-unis-pour-lavenir.com\/index.php\/wp-json\/wp\/v2\/pages"}],"about":[{"href":"https:\/\/champagne-unis-pour-lavenir.com\/index.php\/wp-json\/wp\/v2\/types\/page"}],"author":[{"embeddable":true,"href":"https:\/\/champagne-unis-pour-lavenir.com\/index.php\/wp-json\/wp\/v2\/users\/1"}],"replies":[{"embeddable":true,"href":"https:\/\/champagne-unis-pour-lavenir.com\/index.php\/wp-json\/wp\/v2\/comments?post=397"}],"version-history":[{"count":15,"href":"https:\/\/champagne-unis-pour-lavenir.com\/index.php\/wp-json\/wp\/v2\/pages\/397\/revisions"}],"predecessor-version":[{"id":511,"href":"https:\/\/champagne-unis-pour-lavenir.com\/index.php\/wp-json\/wp\/v2\/pages\/397\/revisions\/511"}],"wp:attachment":[{"href":"https:\/\/champagne-unis-pour-lavenir.com\/index.php\/wp-json\/wp\/v2\/media?parent=397"}],"curies":[{"name":"wp","href":"https:\/\/api.w.org\/{rel}","templated":true}]}}