{"id":260,"date":"2026-01-28T18:36:14","date_gmt":"2026-01-28T18:36:14","guid":{"rendered":"https:\/\/champagne-unis-pour-lavenir.com\/?page_id=260"},"modified":"2026-02-01T20:59:13","modified_gmt":"2026-02-01T20:59:13","slug":"intergenerationnels","status":"publish","type":"page","link":"https:\/\/champagne-unis-pour-lavenir.com\/index.php\/intergenerationnels\/","title":{"rendered":"\u00c9changes Interg\u00e9n\u00e9rationnels"},"content":{"rendered":"\n<figure class=\"wp-block-image aligncenter size-full\"><img loading=\"lazy\" decoding=\"async\" width=\"957\" height=\"264\" src=\"https:\/\/champagne-unis-pour-lavenir.com\/wp-content\/uploads\/2026\/01\/image-32.png\" alt=\"\" class=\"wp-image-313\" srcset=\"https:\/\/champagne-unis-pour-lavenir.com\/wp-content\/uploads\/2026\/01\/image-32.png 957w, https:\/\/champagne-unis-pour-lavenir.com\/wp-content\/uploads\/2026\/01\/image-32-300x83.png 300w, https:\/\/champagne-unis-pour-lavenir.com\/wp-content\/uploads\/2026\/01\/image-32-768x212.png 768w\" sizes=\"auto, (max-width: 957px) 100vw, 957px\" \/><\/figure>\n\n\n\n<p class=\"has-text-align-center is-style-text-lead-3 has-text-color has-link-color wp-elements-086bbd89b5ff44067a0793ff9e9b0e95 is-style-text-lead-3--1\" style=\"color:#a21a63\"><strong>Ensemble, b\u00e2tissons l&rsquo;avenir de notre ville !<\/strong><\/p>\n\n\n\n<div class=\"wp-block-group alignwide is-content-justification-center is-nowrap is-layout-flex wp-container-core-group-is-layout-ff976b70 wp-block-group-is-layout-flex\">\n<p class=\"has-text-align-center has-text-color has-link-color wp-elements-ba1ee75487f14e2721321a286f2e06fe\" style=\"color:#255b7c\"><strong>Les jeunes s&rsquo;engagent :<\/strong><br><strong> <\/strong><br>Aide aux devoirs<br><br>Participations \u00e0 des manifestations<br><br>Aides administratives <br>(imp\u00f4ts, d\u00e9marches)<\/p>\n\n\n\n<p class=\"has-text-align-center has-text-color has-link-color wp-elements-ee404a6b0892eca33df88eea300ff1c1\" style=\"color:#255b7c\"><strong>Nos a\u00een\u00e9s partagent<\/strong> :<br><br>Fleurissement de la ville<br><br>Soutien scolaire<br><br>Encadrement du p\u00e9dibus<\/p>\n<\/div>\n\n\n\n<p class=\"has-text-align-center is-style-text-lead-3 has-text-color has-link-color wp-elements-63ab977c7056b27fb540930a88723be9 is-style-text-lead-3--2\" style=\"color:#a21a63\"><strong>Ensemble, cr\u00e9ons des liens forts et valorisons chacun<\/strong><\/p>\n\n\n\n<p class=\"texte-justifie has-text-color has-link-color wp-elements-8092c346537cf0f6ef991f574858b8a1\" style=\"color:#255b7c\"><strong>Un engagement solidaire, une mairie qui vous soutient<\/strong><br><br>Parce que la solidarit\u00e9 est le c\u0153ur battant de notre ville, notre \u00e9quipe s&rsquo;engage \u00e0 valoriser chaque geste de partage entre les g\u00e9n\u00e9rations. Pour chaque heure de b\u00e9n\u00e9volat donn\u00e9e \u00e0 la communaut\u00e9, la Mairie vous apportera un soutien concret.<br><br>Nous cr\u00e9erons un contrat citoyen permettant aux jeunes comme aux a\u00een\u00e9s de s\u2019engager b\u00e9n\u00e9volement aux c\u00f4t\u00e9s de la commune, notamment lors des manifestations locales, du fleurissement ou d\u2019actions de solidarit\u00e9.<br><br><strong><em>En reconnaissance de cet engagement<\/em><\/strong>, la mairie apportera un soutien concret :<br>BAFA citoyen, aide au permis de conduire, ch\u00e8ques culture et bons d\u2019achat \u00e0 utiliser chez nos commer\u00e7ants locaux.<br><br>Cette initiative solidaire <strong><em>renforcera le lien interg\u00e9n\u00e9rationnel<\/em><\/strong>, encouragera l\u2019engagement citoyen et participera activement au dynamisme de notre \u00e9conomie locale.<\/p>\n","protected":false},"excerpt":{"rendered":"<p>Ensemble, b\u00e2tissons l&rsquo;avenir de notre ville ! Les jeunes s&rsquo;engagent : Aide aux devoirs Participations \u00e0 des manifestations Aides administratives (imp\u00f4ts, d\u00e9marches) Nos a\u00een\u00e9s partagent : Fleurissement de la ville Soutien scolaire Encadrement du p\u00e9dibus Ensemble, cr\u00e9ons des liens forts et valorisons chacun Un engagement solidaire, une mairie qui vous soutient Parce que la solidarit\u00e9 [&hellip;]<\/p>\n","protected":false},"author":1,"featured_media":0,"parent":0,"menu_order":0,"comment_status":"closed","ping_status":"closed","template":"","meta":{"footnotes":""},"class_list":["post-260","page","type-page","status-publish","hentry"],"_links":{"self":[{"href":"https:\/\/champagne-unis-pour-lavenir.com\/index.php\/wp-json\/wp\/v2\/pages\/260","targetHints":{"allow":["GET"]}}],"collection":[{"href":"https:\/\/champagne-unis-pour-lavenir.com\/index.php\/wp-json\/wp\/v2\/pages"}],"about":[{"href":"https:\/\/champagne-unis-pour-lavenir.com\/index.php\/wp-json\/wp\/v2\/types\/page"}],"author":[{"embeddable":true,"href":"https:\/\/champagne-unis-pour-lavenir.com\/index.php\/wp-json\/wp\/v2\/users\/1"}],"replies":[{"embeddable":true,"href":"https:\/\/champagne-unis-pour-lavenir.com\/index.php\/wp-json\/wp\/v2\/comments?post=260"}],"version-history":[{"count":17,"href":"https:\/\/champagne-unis-pour-lavenir.com\/index.php\/wp-json\/wp\/v2\/pages\/260\/revisions"}],"predecessor-version":[{"id":495,"href":"https:\/\/champagne-unis-pour-lavenir.com\/index.php\/wp-json\/wp\/v2\/pages\/260\/revisions\/495"}],"wp:attachment":[{"href":"https:\/\/champagne-unis-pour-lavenir.com\/index.php\/wp-json\/wp\/v2\/media?parent=260"}],"curies":[{"name":"wp","href":"https:\/\/api.w.org\/{rel}","templated":true}]}}