{"id":222,"date":"2026-01-26T21:56:51","date_gmt":"2026-01-26T21:56:51","guid":{"rendered":"https:\/\/champagne-unis-pour-lavenir.com\/?page_id=222"},"modified":"2026-02-01T21:04:18","modified_gmt":"2026-02-01T21:04:18","slug":"un-engagement-sincere-pour-notre-avenir-commun","status":"publish","type":"page","link":"https:\/\/champagne-unis-pour-lavenir.com\/index.php\/un-engagement-sincere-pour-notre-avenir-commun\/","title":{"rendered":"Un engagement sinc\u00e8re pour notre avenir commun."},"content":{"rendered":"\n<p class=\"texte-justifie has-text-color has-link-color wp-elements-312602f9d86cb60e639ebb41386564a4\" style=\"color:#255b7c\">Ch\u00e8res Champenoises, Chers Champenois,<br><br>L\u2019\u00e9lection municipale est le rendez-vous d\u00e9mocratique le plus important de notre vie locale. C\u2019est le moment o\u00f9 chacune et chacun peut faire entendre sa voix. Pourtant, trop souvent, les d\u00e9cisions se prennent loin des habitants, sans concertation r\u00e9elle.<br><br>En mars 2026, avec mon \u00e9quipe, nous faisons le choix d\u2019agir autrement.<br><br>Champenoise depuis ma naissance, profond\u00e9ment attach\u00e9e \u00e0 notre commune, je me pr\u00e9sente aujourd\u2019hui entour\u00e9e de femmes et d\u2019hommes engag\u00e9s, investis et<br>amoureux de notre ville.<br><br>Mon engagement pour notre commune a d\u00e9but\u00e9 sur le terrain au sein de l\u2019association R\u00e9cr\u00e9\u2019ation. En 2020, forte de cette exp\u00e9rience, j\u2019ai \u00e9t\u00e9 nomm\u00e9e Adjointe aux F\u00eates et C\u00e9r\u00e9monies.<br><br>Devant l\u2019absence de service \u00e9v\u00e9nementiel dans notre commune, j\u2019ai fond\u00e9 \u00ab Champagne en F\u00eate \u00bb avec l\u2019appui de Champenois d\u00e9sireux d\u2019apporter une nouvelle dynamique.<br><br>J\u2019ai \u0153uvr\u00e9 sans rel\u00e2che, en \u00e9troite collaboration avec nos services communaux et notre tissu associatif, pour proposer des \u00e9v\u00e9nements familiaux, festifs et conviviaux sur notre territoire.<br><br>Gr\u00e2ce \u00e0 cette \u00e9nergie, le c\u0153ur de notre ville a r\u00e9ellement battu ces derni\u00e8res ann\u00e9es. Mon ambition est claire : transformer cette \u00e9nergie cr\u00e9atrice et mon exp\u00e9rience d\u2019\u00e9lue de terrain en une force durable, pour une commune plus attractive et plus solidaire, tout en pr\u00e9servant notre qualit\u00e9 de vie.<br><br>Mon parcours m\u2019a appris une chose essentielle : quand on \u00e9coute attentivement, qu\u2019on communique avec sinc\u00e9rit\u00e9 et qu\u2019on agit avec bienveillance, on peut am\u00e9liorer concr\u00e8tement le quotidien de tous.<br><br>Notre projet pour 2026 n\u2019est pas un catalogue de promesses. C\u2019est un v\u00e9ritable contrat de confiance, fond\u00e9 sur l\u2019\u00e9coute, la transparence et l\u2019action.<br><br>Nous voulons prot\u00e9ger notre environnement et notre cadre de vie, agir avec s\u00e9rieux et humanit\u00e9 pour la sant\u00e9, nos a\u00een\u00e9s, la jeunesse, la propret\u00e9, la s\u00e9curit\u00e9<br>et la vie associative.<br><br>Nous ne sommes pas des politiciens de carri\u00e8re. Nous sommes vos voisins, vos coll\u00e8gues, vos amis. Des citoyens qui connaissent Champagne et qui veulent la voir respirer, avancer et se rassembler.<br><br>Les 15 &amp; 22 mars 2026, je vous propose un choix clair : une \u00e9quipe de terrain engag\u00e9e, qui place l\u2019humain, le respect et l\u2019int\u00e9r\u00eat g\u00e9n\u00e9ral au c\u0153ur de chaque d\u00e9cision.<br><br>Ensemble, reprenons la main et redonnons \u00e0 Champagne-sur-Oise l\u2019\u00e9lan qu\u2019elle m\u00e9rite.<\/p>\n\n\n\n<figure class=\"wp-block-image aligncenter size-full is-resized\"><img loading=\"lazy\" decoding=\"async\" width=\"374\" height=\"160\" src=\"https:\/\/champagne-unis-pour-lavenir.com\/wp-content\/uploads\/2026\/01\/image-42.png\" alt=\"\" class=\"wp-image-374\" style=\"width:240px;height:auto\" srcset=\"https:\/\/champagne-unis-pour-lavenir.com\/wp-content\/uploads\/2026\/01\/image-42.png 374w, https:\/\/champagne-unis-pour-lavenir.com\/wp-content\/uploads\/2026\/01\/image-42-300x128.png 300w\" sizes=\"auto, (max-width: 374px) 100vw, 374px\" \/><\/figure>\n","protected":false},"excerpt":{"rendered":"<p>Ch\u00e8res Champenoises, Chers Champenois, L\u2019\u00e9lection municipale est le rendez-vous d\u00e9mocratique le plus important de notre vie locale. C\u2019est le moment o\u00f9 chacune et chacun peut faire entendre sa voix. Pourtant, trop souvent, les d\u00e9cisions se prennent loin des habitants, sans concertation r\u00e9elle. En mars 2026, avec mon \u00e9quipe, nous faisons le choix d\u2019agir autrement. Champenoise [&hellip;]<\/p>\n","protected":false},"author":1,"featured_media":0,"parent":0,"menu_order":0,"comment_status":"closed","ping_status":"closed","template":"","meta":{"footnotes":""},"class_list":["post-222","page","type-page","status-publish","hentry"],"_links":{"self":[{"href":"https:\/\/champagne-unis-pour-lavenir.com\/index.php\/wp-json\/wp\/v2\/pages\/222","targetHints":{"allow":["GET"]}}],"collection":[{"href":"https:\/\/champagne-unis-pour-lavenir.com\/index.php\/wp-json\/wp\/v2\/pages"}],"about":[{"href":"https:\/\/champagne-unis-pour-lavenir.com\/index.php\/wp-json\/wp\/v2\/types\/page"}],"author":[{"embeddable":true,"href":"https:\/\/champagne-unis-pour-lavenir.com\/index.php\/wp-json\/wp\/v2\/users\/1"}],"replies":[{"embeddable":true,"href":"https:\/\/champagne-unis-pour-lavenir.com\/index.php\/wp-json\/wp\/v2\/comments?post=222"}],"version-history":[{"count":21,"href":"https:\/\/champagne-unis-pour-lavenir.com\/index.php\/wp-json\/wp\/v2\/pages\/222\/revisions"}],"predecessor-version":[{"id":505,"href":"https:\/\/champagne-unis-pour-lavenir.com\/index.php\/wp-json\/wp\/v2\/pages\/222\/revisions\/505"}],"wp:attachment":[{"href":"https:\/\/champagne-unis-pour-lavenir.com\/index.php\/wp-json\/wp\/v2\/media?parent=222"}],"curies":[{"name":"wp","href":"https:\/\/api.w.org\/{rel}","templated":true}]}}