{"id":16,"date":"2026-01-11T09:35:59","date_gmt":"2026-01-11T09:35:59","guid":{"rendered":"https:\/\/champagne-unis-pour-lavenir.com\/?page_id=16"},"modified":"2026-02-02T21:24:53","modified_gmt":"2026-02-02T21:24:53","slug":"sante-securite","status":"publish","type":"page","link":"https:\/\/champagne-unis-pour-lavenir.com\/index.php\/sante-securite\/","title":{"rendered":"SANT\u00c9, PR\u00c9VENTION &amp; BIEN-\u00caTRE"},"content":{"rendered":"\n<figure class=\"wp-block-image aligncenter size-large is-resized\"><img loading=\"lazy\" decoding=\"async\" width=\"1024\" height=\"684\" src=\"https:\/\/champagne-unis-pour-lavenir.com\/wp-content\/uploads\/2026\/01\/image-44-1024x684.png\" alt=\"\" class=\"wp-image-393\" style=\"aspect-ratio:1.4980035797879665;width:424px;height:auto\" srcset=\"https:\/\/champagne-unis-pour-lavenir.com\/wp-content\/uploads\/2026\/01\/image-44-1024x684.png 1024w, https:\/\/champagne-unis-pour-lavenir.com\/wp-content\/uploads\/2026\/01\/image-44-300x200.png 300w, https:\/\/champagne-unis-pour-lavenir.com\/wp-content\/uploads\/2026\/01\/image-44-768x513.png 768w, https:\/\/champagne-unis-pour-lavenir.com\/wp-content\/uploads\/2026\/01\/image-44-1536x1025.png 1536w, https:\/\/champagne-unis-pour-lavenir.com\/wp-content\/uploads\/2026\/01\/image-44-2048x1367.png 2048w\" sizes=\"auto, (max-width: 1024px) 100vw, 1024px\" \/><\/figure>\n\n\n\n<p class=\"texte-justifie has-text-color has-link-color wp-elements-e22f0b9f5dc8bb43cf3ccda0d6a283cd\" style=\"color:#255b7c\"><mark style=\"background-color:rgba(0, 0, 0, 0);color:#fcb331\" class=\"has-inline-color\"><strong>Rapprocher la sant\u00e9 des habitants.<\/strong><\/mark><br>L\u2019acc\u00e8s aux soins est aujourd\u2019hui une inqui\u00e9tude majeure pour beaucoup d\u2019entre<br>vous. Face au parcours du combattant pour obtenir un rendez-vous m\u00e9dical, la<br>mairie se doit d\u2019\u00eatre un moteur pour faciliter votre parcours de sant\u00e9.<br><br><mark style=\"background-color:rgba(0, 0, 0, 0);color:#fcb331\" class=\"has-inline-color\"><strong>Cabinet m\u00e9dical de <a href=\"https:\/\/www.calameo.com\/books\/008145766df521c3259d8\" data-type=\"link\" data-id=\"https:\/\/www.calameo.com\/books\/007528378b615b85443b1\">proximit\u00e9<\/a>*.<\/strong><\/mark><br><br><strong>Nous d\u00e9sirons cr\u00e9er un cabinet m\u00e9dical compos\u00e9 de g\u00e9n\u00e9ralistes et de<br>sp\u00e9cialistes dans l\u2019ancien b\u00e2timent de la Poste. Ce projet est coh\u00e9rent et<br>financi\u00e8rement r\u00e9aliste car :<\/strong><br><br>Le b\u00e2timent et le stationnement pour la patient\u00e8le sont existants.<br><br>L\u2019am\u00e9nagement de logements de fonction est possible pour faciliter l\u2019installation<br>des professionnels de sant\u00e9.<br><br><strong><mark style=\"background-color:rgba(0, 0, 0, 0);color:#fcb331\" class=\"has-inline-color\">Bus de sant\u00e9 et pr\u00e9vention.<\/mark><\/strong><br><br><strong>En compl\u00e9ment, un d\u00e9ploiement de bus de soins mobiles, pour aller vers les<br>habitants, nous semble indispensable :<\/strong><br><br> &#8211; Un mammobus pour un d\u00e9pistage r\u00e9gulier du cancer du sein.<br> &#8211; Maintien d\u2019une PMI mobile pour une protection maternelle et infantile<br> de proximit\u00e9.<br> &#8211; De la pr\u00e9vention dentaire et auditive.<br> &#8211; Des actions de pr\u00e9vention et d\u2019information en sant\u00e9 publique.<br> <br><mark style=\"background-color:rgba(0, 0, 0, 0);color:#fcb331\" class=\"has-inline-color\"><strong>Usage responsable du num\u00e9rique<\/strong>.<\/mark><br><br>\u00c0 travers notre future biblioth\u00e8que\/ludoth\u00e8que, nous proposerons des ateliers d&rsquo;\u00e9ducation aux m\u00e9dias pour pr\u00e9venir les risques li\u00e9s aux r\u00e9seaux sociaux et lutter contre la surexposition aux \u00e9crans.<br><br><strong>La sant\u00e9 ne doit pas \u00eatre une contrainte logistique, mais un droit accessible \u00e0 <br>tous.<\/strong><\/p>\n","protected":false},"excerpt":{"rendered":"<p>Rapprocher la sant\u00e9 des habitants.L\u2019acc\u00e8s aux soins est aujourd\u2019hui une inqui\u00e9tude majeure pour beaucoup d\u2019entrevous. Face au parcours du combattant pour obtenir un rendez-vous m\u00e9dical, lamairie se doit d\u2019\u00eatre un moteur pour faciliter votre parcours de sant\u00e9. Cabinet m\u00e9dical de proximit\u00e9*. Nous d\u00e9sirons cr\u00e9er un cabinet m\u00e9dical compos\u00e9 de g\u00e9n\u00e9ralistes et desp\u00e9cialistes dans l\u2019ancien b\u00e2timent [&hellip;]<\/p>\n","protected":false},"author":1,"featured_media":0,"parent":0,"menu_order":0,"comment_status":"closed","ping_status":"closed","template":"","meta":{"footnotes":""},"class_list":["post-16","page","type-page","status-publish","hentry"],"_links":{"self":[{"href":"https:\/\/champagne-unis-pour-lavenir.com\/index.php\/wp-json\/wp\/v2\/pages\/16","targetHints":{"allow":["GET"]}}],"collection":[{"href":"https:\/\/champagne-unis-pour-lavenir.com\/index.php\/wp-json\/wp\/v2\/pages"}],"about":[{"href":"https:\/\/champagne-unis-pour-lavenir.com\/index.php\/wp-json\/wp\/v2\/types\/page"}],"author":[{"embeddable":true,"href":"https:\/\/champagne-unis-pour-lavenir.com\/index.php\/wp-json\/wp\/v2\/users\/1"}],"replies":[{"embeddable":true,"href":"https:\/\/champagne-unis-pour-lavenir.com\/index.php\/wp-json\/wp\/v2\/comments?post=16"}],"version-history":[{"count":31,"href":"https:\/\/champagne-unis-pour-lavenir.com\/index.php\/wp-json\/wp\/v2\/pages\/16\/revisions"}],"predecessor-version":[{"id":509,"href":"https:\/\/champagne-unis-pour-lavenir.com\/index.php\/wp-json\/wp\/v2\/pages\/16\/revisions\/509"}],"wp:attachment":[{"href":"https:\/\/champagne-unis-pour-lavenir.com\/index.php\/wp-json\/wp\/v2\/media?parent=16"}],"curies":[{"name":"wp","href":"https:\/\/api.w.org\/{rel}","templated":true}]}}