{"id":108,"date":"2026-01-26T21:50:43","date_gmt":"2026-01-26T21:50:43","guid":{"rendered":"https:\/\/champagne-unis-pour-lavenir.com\/?page_id=108"},"modified":"2026-02-01T21:01:59","modified_gmt":"2026-02-01T21:01:59","slug":"gouvernance-transparence-depenses-maitrisees","status":"publish","type":"page","link":"https:\/\/champagne-unis-pour-lavenir.com\/index.php\/gouvernance-transparence-depenses-maitrisees\/","title":{"rendered":"GOUVERNANCE, TRANSPARENCE &amp; D\u00c9PENSES MAITRIS\u00c9ES"},"content":{"rendered":"\n<p class=\"texte-justifie has-text-color has-link-color wp-elements-6b72f3dbcb0bfb9b6a0dd084faec6f1d\" style=\"color:#255b7c\"><strong><mark style=\"background-color:rgba(0, 0, 0, 0);color:#fcb331\" class=\"has-inline-color\">Une \u00e9quipe municipale proche, responsable et \u00e0 l\u2019\u00e9coute.<\/mark><\/strong><br><br><strong>Nous croyons que la d\u00e9mocratie locale commence par l\u2019\u00e9coute.<br>Nous nous engageons \u00e0 :<\/strong><\/p>\n\n\n\n<ul class=\"wp-block-list texte-justifie\">\n<li class=\"has-text-color has-link-color wp-elements-dee4a0b195006bb1a36e0622ea18e425\" style=\"color:#255b7c\"><strong>Organiser des permanences r\u00e9guli\u00e8res<\/strong> d\u2019\u00e9lus pour \u00e9changer<br>avec les administr\u00e9s.<br><\/li>\n\n\n\n<li class=\"has-text-color has-link-color wp-elements-f0b69245ed996b0a4fe1978ccb7004bd\" style=\"color:#255b7c\">Renforcer la pr\u00e9sence des \u00e9lus sur le terrain.<br><\/li>\n\n\n\n<li class=\"has-text-color has-link-color wp-elements-e00c4c18d67f350d6c9761335fc7e6cc\" style=\"color:#255b7c\">Informer de fa\u00e7on claire, r\u00e9guli\u00e8re et accessible.<br><\/li>\n\n\n\n<li class=\"has-text-color has-link-color wp-elements-72dcb0c53c6c78ad95911134b584bcc9\" style=\"color:#255b7c\">Assurer la <strong>transparence des d\u00e9cisions et des investissements.<\/strong><br><\/li>\n\n\n\n<li class=\"has-text-color has-link-color wp-elements-cf13887ce376bcd4883763d3ba39c850\" style=\"color:#255b7c\">Ma\u00eetriser les d\u00e9penses et prioriser les projets.<br><\/li>\n\n\n\n<li class=\"has-text-color has-link-color wp-elements-bda666bf0ec260c1cb5aa89977eec08d\" style=\"color:#255b7c\"><strong>Effectuer des audits \u00e9nerg\u00e9tiques des b\u00e2timents communaux<\/strong><br>pour agir sur les co\u00fbts et am\u00e9liorer l\u2019efficacit\u00e9.<br><\/li>\n\n\n\n<li class=\"has-text-color has-link-color wp-elements-03ae4ce6e145d8cf9e4866e0e0d286be\" style=\"color:#255b7c\">Cr\u00e9ation de commissions ouvertes \u00e0 la population dans le cadre de notre politique participative<br><\/li>\n\n\n\n<li class=\"has-text-color has-link-color wp-elements-20e573b928a5cab51fc89567548bc2a9\" style=\"color:#255b7c\">Installation de 2 nouveaux panneaux d&rsquo;affichage (Beaux-soleils, Rue de Chambly) et remplacement de celui de la gare<\/li>\n<\/ul>\n\n\n\n<figure class=\"wp-block-image aligncenter size-full\"><img loading=\"lazy\" decoding=\"async\" width=\"205\" height=\"246\" src=\"https:\/\/champagne-unis-pour-lavenir.com\/wp-content\/uploads\/2026\/01\/image-46.png\" alt=\"\" class=\"wp-image-441\"\/><\/figure>\n\n\n\n<p class=\"has-text-align-center is-style-text-lead has-text-color has-link-color wp-elements-16e5b03bccaaceb260e338ab997524a1 is-style-text-lead--1\" style=\"color:#255b7c\"><strong>\u00caTRE \u00c0 VOTRE \u00c9COUTE, C\u2019EST LE COEUR<br>DE NOTRE ENGAGEMENT<\/strong><\/p>\n\n\n\n<p class=\"has-text-align-center is-style-default has-text-color has-link-color wp-elements-f9a7b5a9bff19b9f299c930ffdb37908\" style=\"color:#255b7c\"><br>Le premier devoir des \u00e9lus est d\u2019\u00e9couter pour agir dans l\u2019int\u00e9r\u00eat g\u00e9n\u00e9ral.<\/p>\n\n\n\n<figure class=\"wp-block-image aligncenter size-large\"><img loading=\"lazy\" decoding=\"async\" width=\"1024\" height=\"473\" src=\"https:\/\/champagne-unis-pour-lavenir.com\/wp-content\/uploads\/2026\/01\/image-17-1024x473.png\" alt=\"\" class=\"wp-image-216\" srcset=\"https:\/\/champagne-unis-pour-lavenir.com\/wp-content\/uploads\/2026\/01\/image-17-1024x473.png 1024w, https:\/\/champagne-unis-pour-lavenir.com\/wp-content\/uploads\/2026\/01\/image-17-300x139.png 300w, https:\/\/champagne-unis-pour-lavenir.com\/wp-content\/uploads\/2026\/01\/image-17-768x355.png 768w, https:\/\/champagne-unis-pour-lavenir.com\/wp-content\/uploads\/2026\/01\/image-17-1536x710.png 1536w, https:\/\/champagne-unis-pour-lavenir.com\/wp-content\/uploads\/2026\/01\/image-17.png 1573w\" sizes=\"auto, (max-width: 1024px) 100vw, 1024px\" \/><\/figure>\n","protected":false},"excerpt":{"rendered":"<p>Une \u00e9quipe municipale proche, responsable et \u00e0 l\u2019\u00e9coute. Nous croyons que la d\u00e9mocratie locale commence par l\u2019\u00e9coute.Nous nous engageons \u00e0 : \u00caTRE \u00c0 VOTRE \u00c9COUTE, C\u2019EST LE COEURDE NOTRE ENGAGEMENT Le premier devoir des \u00e9lus est d\u2019\u00e9couter pour agir dans l\u2019int\u00e9r\u00eat g\u00e9n\u00e9ral.<\/p>\n","protected":false},"author":1,"featured_media":0,"parent":0,"menu_order":0,"comment_status":"closed","ping_status":"closed","template":"","meta":{"footnotes":""},"class_list":["post-108","page","type-page","status-publish","hentry"],"_links":{"self":[{"href":"https:\/\/champagne-unis-pour-lavenir.com\/index.php\/wp-json\/wp\/v2\/pages\/108","targetHints":{"allow":["GET"]}}],"collection":[{"href":"https:\/\/champagne-unis-pour-lavenir.com\/index.php\/wp-json\/wp\/v2\/pages"}],"about":[{"href":"https:\/\/champagne-unis-pour-lavenir.com\/index.php\/wp-json\/wp\/v2\/types\/page"}],"author":[{"embeddable":true,"href":"https:\/\/champagne-unis-pour-lavenir.com\/index.php\/wp-json\/wp\/v2\/users\/1"}],"replies":[{"embeddable":true,"href":"https:\/\/champagne-unis-pour-lavenir.com\/index.php\/wp-json\/wp\/v2\/comments?post=108"}],"version-history":[{"count":5,"href":"https:\/\/champagne-unis-pour-lavenir.com\/index.php\/wp-json\/wp\/v2\/pages\/108\/revisions"}],"predecessor-version":[{"id":501,"href":"https:\/\/champagne-unis-pour-lavenir.com\/index.php\/wp-json\/wp\/v2\/pages\/108\/revisions\/501"}],"wp:attachment":[{"href":"https:\/\/champagne-unis-pour-lavenir.com\/index.php\/wp-json\/wp\/v2\/media?parent=108"}],"curies":[{"name":"wp","href":"https:\/\/api.w.org\/{rel}","templated":true}]}}