{"id":103,"date":"2026-01-26T21:46:50","date_gmt":"2026-01-26T21:46:50","guid":{"rendered":"https:\/\/champagne-unis-pour-lavenir.com\/?page_id=103"},"modified":"2026-02-01T21:01:04","modified_gmt":"2026-02-01T21:01:04","slug":"cadre-de-vie-commerce-environnement","status":"publish","type":"page","link":"https:\/\/champagne-unis-pour-lavenir.com\/index.php\/cadre-de-vie-commerce-environnement\/","title":{"rendered":"CADRE DE VIE, COMMERCE &amp; ENVIRONNEMENT"},"content":{"rendered":"\n<p class=\"texte-justifie has-text-color has-link-color wp-elements-5e0659f5dad2a9bb253adca4f2686f13\" style=\"color:#255b7c\"><strong>Champagne b\u00e9n\u00e9ficie d\u2019un environnement privil\u00e9gi\u00e9. Notre devoir est de le pr\u00e9server tout en l\u2019am\u00e9liorant.<\/strong><br><br><strong>Pr\u00e9server l\u2019esprit champ\u00eatre et am\u00e9liorer le quotidien :<\/strong><br><br><strong>Soutenir la vie commer\u00e7ante du centre-ville<\/strong> et l\u2019installation de nouveaux commerces de proximit\u00e9.<br><br>D\u00e9velopper des pistes <strong>cyclables et chemins de randonn\u00e9e.<\/strong><br>R\u00e9habilitation et r\u00e9ouverture de toutes les sentes communale<br><br><strong>Am\u00e9nager les bords de l\u2019Oise :<\/strong><br><br> &#8211; Aires de pique-nique.<br> &#8211; Jeux pour enfants.<br> &#8211; Promenades.<br> &#8211; Installation de bancs et poubelles<br><br><strong>Cr\u00e9er une brigade verte <\/strong>pour la surveillance et l\u2019entretien des espaces publics.<br><br><strong>Mettre en place des bacs de compostage<\/strong> pour les immeubles.<br><br><strong>Organiser un concours du plus beau jardin ou balcon fleuri.<\/strong><br><br><strong>R\u00e9aliser l\u2019enfouissement des r\u00e9seaux \u00e9lectriques<\/strong> lors des r\u00e9novations de quartier.<br><br>Notre vision de l\u2019\u00e9cologie repose sur des gestes du quotidien, concrets, simples et accessibles.<br><br><br><\/p>\n","protected":false},"excerpt":{"rendered":"<p>Champagne b\u00e9n\u00e9ficie d\u2019un environnement privil\u00e9gi\u00e9. Notre devoir est de le pr\u00e9server tout en l\u2019am\u00e9liorant. Pr\u00e9server l\u2019esprit champ\u00eatre et am\u00e9liorer le quotidien : Soutenir la vie commer\u00e7ante du centre-ville et l\u2019installation de nouveaux commerces de proximit\u00e9. D\u00e9velopper des pistes cyclables et chemins de randonn\u00e9e.R\u00e9habilitation et r\u00e9ouverture de toutes les sentes communale Am\u00e9nager les bords de l\u2019Oise [&hellip;]<\/p>\n","protected":false},"author":1,"featured_media":0,"parent":0,"menu_order":0,"comment_status":"closed","ping_status":"closed","template":"","meta":{"footnotes":""},"class_list":["post-103","page","type-page","status-publish","hentry"],"_links":{"self":[{"href":"https:\/\/champagne-unis-pour-lavenir.com\/index.php\/wp-json\/wp\/v2\/pages\/103","targetHints":{"allow":["GET"]}}],"collection":[{"href":"https:\/\/champagne-unis-pour-lavenir.com\/index.php\/wp-json\/wp\/v2\/pages"}],"about":[{"href":"https:\/\/champagne-unis-pour-lavenir.com\/index.php\/wp-json\/wp\/v2\/types\/page"}],"author":[{"embeddable":true,"href":"https:\/\/champagne-unis-pour-lavenir.com\/index.php\/wp-json\/wp\/v2\/users\/1"}],"replies":[{"embeddable":true,"href":"https:\/\/champagne-unis-pour-lavenir.com\/index.php\/wp-json\/wp\/v2\/comments?post=103"}],"version-history":[{"count":10,"href":"https:\/\/champagne-unis-pour-lavenir.com\/index.php\/wp-json\/wp\/v2\/pages\/103\/revisions"}],"predecessor-version":[{"id":499,"href":"https:\/\/champagne-unis-pour-lavenir.com\/index.php\/wp-json\/wp\/v2\/pages\/103\/revisions\/499"}],"wp:attachment":[{"href":"https:\/\/champagne-unis-pour-lavenir.com\/index.php\/wp-json\/wp\/v2\/media?parent=103"}],"curies":[{"name":"wp","href":"https:\/\/api.w.org\/{rel}","templated":true}]}}